{"id":27,"date":"2020-01-29T16:33:44","date_gmt":"2020-01-29T15:33:44","guid":{"rendered":"http:\/\/castorinvestments.pl\/?page_id=27"},"modified":"2026-03-05T10:59:52","modified_gmt":"2026-03-05T09:59:52","slug":"sdfasdfad","status":"publish","type":"page","link":"https:\/\/castorinvestments.pl\/","title":{"rendered":"Castor Investments sp\u00f3\u0142ka z ograniczon\u0105 odpowiedzialno\u015bci\u0105 S.K.A."},"content":{"rendered":"\n<p> Castor Investments sp\u00f3\u0142ka z ograniczon\u0105 odpowiedzialno\u015bci\u0105 S.K.A. z siedzib\u0105  w Warszawie przy ul. Emilii Plater 53, 00-113, wpisan\u0105 do rejestru przedsi\u0119biorc\u00f3w prowadzonego przez S\u0105d Rejonowy dla m.st. Warszawy w Warszawie, XII Wydzia\u0142 Gospodarczy Krajowego Rejestru S\u0105dowego, pod numerem KRS: 0000434735, REGON: 011206405, NIP: 5261039587, kapita\u0142 zak\u0142adowy 50.000 PLN, w pe\u0142ni wp\u0142acony <\/p>\n\n\n\n<p>Plan po\u0142acznia sp\u00f3\u0142ek WFC INVESTMENTS SP. Z O.O. z siedzib\u0105 w Warszawie, CASTOR INVESTMENTS<br>SP. Z O.O. z siedzib\u0105 w Warszawie oraz komplementariusz sp\u00f3\u0142ki CASTOR INVESTMENTS SP\u00d3\u0141KA<br>Z OGRANICZON\u0104 ODPOWIEDZIALNO\u015aCI\u0104 S.K.A. <a href=\"http:\/\/castorinvestments.pl\/wp-content\/uploads\/2026\/03\/merger_WFC_Castor.pdf\" data-type=\"link\" data-id=\"http:\/\/castorinvestments.pl\/wp-content\/uploads\/2026\/03\/merger_WFC_Castor.pdf\">http:\/\/castorinvestments.pl\/wp-content\/uploads\/2026\/03\/merger_WFC_Castor.pdf<\/a><\/p>\n","protected":false},"excerpt":{"rendered":"<p>Castor Investments sp\u00f3\u0142ka z ograniczon\u0105 odpowiedzialno\u015bci\u0105 S.K.A. z siedzib\u0105 w Warszawie przy ul. Emilii Plater 53, 00-113, wpisan\u0105 do rejestru przedsi\u0119biorc\u00f3w prowadzonego przez S\u0105d Rejonowy dla m.st. Warszawy w Warszawie, XII Wydzia\u0142 Gospodarczy Krajowego Rejestru S\u0105dowego, pod numerem KRS: 0000434735, REGON: 011206405,<\/p>\n<p class=\"link-more\"><a class=\"myButt three\" href=\"https:\/\/castorinvestments.pl\/\">Read More<\/a><\/p>\n","protected":false},"author":1,"featured_media":0,"parent":0,"menu_order":0,"comment_status":"closed","ping_status":"closed","template":"","meta":{"footnotes":""},"class_list":["post-27","page","type-page","status-publish","hentry"],"_links":{"self":[{"href":"https:\/\/castorinvestments.pl\/index.php?rest_route=\/wp\/v2\/pages\/27","targetHints":{"allow":["GET"]}}],"collection":[{"href":"https:\/\/castorinvestments.pl\/index.php?rest_route=\/wp\/v2\/pages"}],"about":[{"href":"https:\/\/castorinvestments.pl\/index.php?rest_route=\/wp\/v2\/types\/page"}],"author":[{"embeddable":true,"href":"https:\/\/castorinvestments.pl\/index.php?rest_route=\/wp\/v2\/users\/1"}],"replies":[{"embeddable":true,"href":"https:\/\/castorinvestments.pl\/index.php?rest_route=%2Fwp%2Fv2%2Fcomments&post=27"}],"version-history":[{"count":6,"href":"https:\/\/castorinvestments.pl\/index.php?rest_route=\/wp\/v2\/pages\/27\/revisions"}],"predecessor-version":[{"id":153,"href":"https:\/\/castorinvestments.pl\/index.php?rest_route=\/wp\/v2\/pages\/27\/revisions\/153"}],"wp:attachment":[{"href":"https:\/\/castorinvestments.pl\/index.php?rest_route=%2Fwp%2Fv2%2Fmedia&parent=27"}],"curies":[{"name":"wp","href":"https:\/\/api.w.org\/{rel}","templated":true}]}}